 the remainder when 360148 is divided by 75.
73
Calculate the remainder when 10490 is divided by 71.
53
Calculate the remainder when 41705 is divided by 4633.
8
What is the remainder when 26918 is divided by 234?
8
Calculate the remainder when 27527 is divided by 93.
92
Calculate the remainder when 1746 is divided by 574.
24
Calculate the remainder when 63857 is divided by 2200.
57
What is the remainder when 435 is divided by 219?
216
What is the remainder when 3536 is divided by 961?
653
Calculate the remainder when 34060 is divided by 8.
4
What is the remainder when 421 is divided by 50?
21
What is the remainder when 100797 is divided by 14392?
53
What is the remainder when 9088112 is divided by 31?
28
Calculate the remainder when 5655 is divided by 806.
13
Calculate the remainder when 443105 is divided by 49.
47
Calculate the remainder when 11435 is divided by 72.
59
What is the remainder when 1593 is divided by 7?
4
What is the remainder when 9240 is divided by 39?
36
Calculate the remainder when 1788643 is divided by 59.
58
Calculate the remainder when 14416 is divided by 14363.
53
What is the remainder when 6536 is divided by 601?
526
What is the remainder when 23562 is divided by 7853?
3
What is the remainder when 14494 is divided by 100?
94
What is the remainder when 52009 is divided by 1368?
25
What is the remainder when 193237 is divided by 27?
25
Calculate the remainder when 11470 is divided by 1080.
670
Calculate the remainder when 9613 is divided by 2403.
1
What is the remainder when 967798 is divided by 100?
98
What is the remainder when 3673 is divided by 234?
163
Calculate the remainder when 553544 is divided by 12580.
24
Calculate the remainder when 13239 is divided by 57.
15
Calculate the remainder when 73039 is divided by 24.
7
Calculate the remainder when 9711 is divided by 3056.
543
Calculate the remainder when 45628 is divided by 1014.
1012
Calculate the remainder when 579210 is divided by 42.
30
Calculate the remainder when 22325 is divided by 311.
244
Calculate the remainder when 159791 is divided by 2102.
39
What is the remainder when 70310 is divided by 47?
45
What is the remainder when 165867 is divided by 171?
168
Calculate the remainder when 1820985 is divided by 746.
745
What is the remainder when 14615 is divided by 10?
5
Calculate the remainder when 65523 is divided by 111.
33
What is the remainder when 13712 is divided by 6851?
10
What is the remainder when 2621 is divided by 247?
151
What is the remainder when 101284 is divided by 23?
15
Calculate the remainder when 1436 is divided by 448.
92
Calculate the remainder when 50200 is divided by 50187.
13
What is the remainder when 231649 is divided by 260?
249
What is the remainder when 19880 is divided by 6624?
8
Calculate the remainder when 14969 is divided by 156.
149
Calculate the remainder when 13471 is divided by 25.
21
Calculate the remainder when 118153 is divided by 19690.
13
What is the remainder when 5652 is divided by 705?
12
Calculate the remainder when 2407 is divided by 35.
27
What is the remainder when 5016 is divided by 548?
84
Calculate the remainder when 13101 is divided by 1454.
15
What is the remainder when 3099 is divided by 384?
27
Calculate the remainder when 2024 is divided by 648.
80
What is the remainder when 746 is divided by 160?
106
Calculate the remainder when 15583 is divided by 7788.
7
Calculate the remainder when 399573 is divided by 133188.
9
What is the remainder when 17812 is divided by 81?
73
Calculate the remainder when 786237 is divided by 840.
837
Calculate the remainder when 108903 is divided by 15555.
18
Calculate the remainder when 259978 is divided by 286.
4
Calculate the remainder when 1635 is divided by 522.
69
What is the remainder when 1791 is divided by 856?
79
What is the remainder when 720 is divided by 101?
13
Calculate the remainder when 62759 is divided by 5229.
11
What is the remainder when 25467 is divided by 395?
187
Calculate the remainder when 62201 is divided by 8884.
13
What is the remainder when 150394 is divided by 166?
164
What is the remainder when 5456 is divided by 37?
17
Calculate the remainder when 368 is divided by 185.
183
What is the remainder when 45919 is divided by 275?
269
What is the remainder when 42270 is divided by 109?
87
What is the remainder when 394697 is divided by 447?
443
Calculate the remainder when 18700 is divided by 9256.
188
What is the remainder when 134582 is divided by 49?
28
Calculate the remainder when 1057 is divided by 439.
179
Calculate the remainder when 414927 is divided by 358.
5
What is the remainder when 96295 is divided by 27?
13
What is the remainder when 11625 is divided by 914?
657
Calculate the remainder when 678 is divided by 237.
204
What is the remainder when 983 is divided by 521?
462
What is the remainder when 4092 is divided by 1980?
132
What is the remainder when 1054 is divided by 7?
4
What is the remainder when 36326 is divided by 15?
11
Calculate the remainder when 652 is divided by 50.
2
What is the remainder when 20333 is divided by 10085?
163
What is the remainder when 524376 is divided by 2362?
12
Calculate the remainder when 10957 is divided by 161.
9
Calculate the remainder when 60222 is divided by 111.
60
Calculate the remainder when 11961 is divided by 1545.
1146
What is the remainder when 903 is divided by 57?
48
Calculate the remainder when 23485 is divided by 1956.
13
Calculate the remainder when 90178 is divided by 85.
78
What is the remainder when 11585 is divided by 11577?
8
What is the remainder when 60912 is divided by 15182?
184
What is the remainder when 570057 is divided by 7?
5
Calculate the remainder when 859 is divided by 412.
35
What is the remainder when 52961 is divided by 68?
57
Calculate the remainder when 4024617 is divided by 180.
177
Calculate the remainder when 490 is divided by 252.
238
Calculate the remainder when 13505 is divided by 4236.
797
Calculate the remainder when 259098 is divided by 25.
23
What is the remainder when 1259 is divided by 1130?
129
What is the remainder when 7913 is divided by 3938?
37
Calculate the remainder when 46434 is divided by 99.
3
Calculate the remainder when 12195 is divided by 54.
45
Calculate the remainder when 96230 is divided by 1266.
14
What is the remainder when 1181 is divided by 218?
91
What is the remainder when 1881 is divided by 624?
9
What is the remainder when 55003 is divided by 54749?
254
Calculate the remainder when 93328 is divided by 23319.
52
Calculate the remainder when 204634 is divided by 9.
1
Calculate the remainder when 27364 is divided by 238.
232
What is the remainder when 262595 is divided by 56?
11
Calculate the remainder when 2372 is divided by 136.
60
What is the remainder when 36671 is divided by 6?
5
What is the remainder when 27001 is divided by 2077?
0
What is the remainder when 49272 is divided by 24591?
90
What is the remainder when 8168 is divided by 3913?
342
Calculate the remainder when 8827 is divided by 31.
23
Calculate the remainder when 8631 is divided by 1716.
51
What is the remainder when 744143 is divided by 296?
295
Calculate the remainder when 163759 is divided by 23.
22
What is the remainder when 9072 is divided by 3011?
39
What is the remainder when 34447 is divided by 50?
47
What is the remainder when 46302 is divided by 613?
327
What is the remainder when 7593 is divided by 2523?
24
What is the remainder when 53868 is divided by 103?
102
Calculate the remainder when 953555 is divided by 11.
9
Calculate the remainder when 390462 is divided by 130154.
0
What is the remainder when 4407 is divided by 19?
18
Calculate the remainder when 16403 is divided by 818.
43
Calculate the remainder when 32404 is divided by 364.
8
Calculate the remainder when 8992 is divided by 58.
2
What is the remainder when 1473472 is divided by 241?
239
Calculate the remainder when 90906 is divided by 1401.
1242
Calculate the remainder when 113947 is divided by 1140.
1087
Calculate the remainder when 8600021 is divided by 15.
11
What is the remainder when 12794 is divided by 13?
2
Calculate the remainder when 334799 is divided by 450.
449
What is the remainder when 112663 is divided by 4?
3
Calculate the remainder when 119710 is divided by 39900.
10
What